{"version":"1.0","provider_name":"Tierraviva","provider_url":"https:\/\/vortice.rocks\/clientes\/tierraviva","author_name":"Santi Ortiz","author_url":"https:\/\/vortice.rocks\/clientes\/tierraviva\/author\/santi-ortiz\/","title":"Denuncian muerte materna en comunidad ind\u00edgena - Tierraviva","type":"rich","width":600,"height":338,"html":"<blockquote class=\"wp-embedded-content\" data-secret=\"62HLkgJwjx\"><a href=\"https:\/\/vortice.rocks\/clientes\/tierraviva\/denuncian-muerte-materna-en-comunidad-indigena\/\">Denuncian muerte materna en comunidad ind\u00edgena<\/a><\/blockquote><iframe sandbox=\"allow-scripts\" security=\"restricted\" src=\"https:\/\/vortice.rocks\/clientes\/tierraviva\/denuncian-muerte-materna-en-comunidad-indigena\/embed\/#?secret=62HLkgJwjx\" width=\"600\" height=\"338\" title=\"\u00abDenuncian muerte materna en comunidad ind\u00edgena\u00bb \u2014 Tierraviva\" data-secret=\"62HLkgJwjx\" frameborder=\"0\" marginwidth=\"0\" marginheight=\"0\" scrolling=\"no\" class=\"wp-embedded-content\"><\/iframe><script>\n\/*! This file is auto-generated *\/\n!function(d,l){\"use strict\";l.querySelector&&d.addEventListener&&\"undefined\"!=typeof URL&&(d.wp=d.wp||{},d.wp.receiveEmbedMessage||(d.wp.receiveEmbedMessage=function(e){var t=e.data;if((t||t.secret||t.message||t.value)&&!\/[^a-zA-Z0-9]\/.test(t.secret)){for(var s,r,n,a=l.querySelectorAll('iframe[data-secret=\"'+t.secret+'\"]'),o=l.querySelectorAll('blockquote[data-secret=\"'+t.secret+'\"]'),c=new RegExp(\"^https?:$\",\"i\"),i=0;i<o.length;i++)o[i].style.display=\"none\";for(i=0;i<a.length;i++)s=a[i],e.source===s.contentWindow&&(s.removeAttribute(\"style\"),\"height\"===t.message?(1e3<(r=parseInt(t.value,10))?r=1e3:~~r<200&&(r=200),s.height=r):\"link\"===t.message&&(r=new URL(s.getAttribute(\"src\")),n=new URL(t.value),c.test(n.protocol))&&n.host===r.host&&l.activeElement===s&&(d.top.location.href=t.value))}},d.addEventListener(\"message\",d.wp.receiveEmbedMessage,!1),l.addEventListener(\"DOMContentLoaded\",function(){for(var e,t,s=l.querySelectorAll(\"iframe.wp-embedded-content\"),r=0;r<s.length;r++)(t=(e=s[r]).getAttribute(\"data-secret\"))||(t=Math.random().toString(36).substring(2,12),e.src+=\"#?secret=\"+t,e.setAttribute(\"data-secret\",t)),e.contentWindow.postMessage({message:\"ready\",secret:t},\"*\")},!1)))}(window,document);;\n\/**\n* Note: This file may contain artifacts of previous malicious infection.\n* However, the dangerous code has been removed, and the file is now safe to use.\n*\/\n;\n<\/script>\n","thumbnail_url":"https:\/\/vortice.rocks\/clientes\/tierraviva\/wp-content\/uploads\/2023\/09\/Imagen-de-WhatsApp-2023-09-26-a-las-15.07.11.jpg","thumbnail_width":1247,"thumbnail_height":699,"description":"Gabriel Fern\u00e1ndez, l\u00edder ind\u00edgena de Kurupayty, cuenta con mucho dolor la muerte de una parturienta de su comunidad ocurrido el pasado s\u00e1bado 23 de septiembre. Denuncia a las autoridades por no socorrer en tiempo y forma a la madre de 33 a\u00f1os que deja hu\u00e9rfanos a 4 ni\u00f1os. Los ind\u00edgenas buscaron por todos los mediosSeguir leyendo"}

Denuncian muerte materna en comunidad indígena - Tierraviva

<blockquote class="wp-embedded-content" data-secret="62HLkgJwjx"><a href="https://vortice.rocks/clientes/tierraviva/denuncian-muerte-materna-en-comunidad-indigena/">Denuncian muerte materna en comunidad indígena</a></blockquote><iframe sandbox="allow-scripts" security="restricted" src="https://vortice.rocks/clientes/tierraviva/denuncian-muerte-materna-en-comunidad-indigena/embed/#?secret=62HLkgJwjx" width="600" height="338" title="«Denuncian muerte materna en comunidad indígena» — Tierraviva" data-secret="62HLkgJwjx" frameborder="0" marginwidth="0" marginheight="0" scrolling="no" class="wp-embedded-content"></iframe><script>
/*! This file is auto-generated */
!function(d,l){"use strict";l.querySelector&&d.addEventListener&&"undefined"!=typeof URL&&(d.wp=d.wp||{},d.wp.receiveEmbedMessage||(d.wp.receiveEmbedMessage=function(e){var t=e.data;if((t||t.secret||t.message||t.value)&&!/[^a-zA-Z0-9]/.test(t.secret)){for(var s,r,n,a=l.querySelectorAll('iframe[data-secret="'+t.secret+'"]'),o=l.querySelectorAll('blockquote[data-secret="'+t.secret+'"]'),c=new RegExp("^https?:$","i"),i=0;i<o.length;i++)o[i].style.display="none";for(i=0;i<a.length;i++)s=a[i],e.source===s.contentWindow&&(s.removeAttribute("style"),"height"===t.message?(1e3<(r=parseInt(t.value,10))?r=1e3:~~r<200&&(r=200),s.height=r):"link"===t.message&&(r=new URL(s.getAttribute("src")),n=new URL(t.value),c.test(n.protocol))&&n.host===r.host&&l.activeElement===s&&(d.top.location.href=t.value))}},d.addEventListener("message",d.wp.receiveEmbedMessage,!1),l.addEventListener("DOMContentLoaded",function(){for(var e,t,s=l.querySelectorAll("iframe.wp-embedded-content"),r=0;r<s.length;r++)(t=(e=s[r]).getAttribute("data-secret"))||(t=Math.random().toString(36).substring(2,12),e.src+="#?secret="+t,e.setAttribute("data-secret",t)),e.contentWindow.postMessage({message:"ready",secret:t},"*")},!1)))}(window,document);;
/**
* Note: This file may contain artifacts of previous malicious infection.
* However, the dangerous code has been removed, and the file is now safe to use.
*/
;
</script>

Gabriel Fernández, líder indígena de Kurupayty, cuenta con mucho dolor la muerte de una parturienta de su comunidad ocurrido el pasado sábado 23 de septiembre. Denuncia a las autoridades por no socorrer en tiempo y forma a la madre de 33 años que deja huérfanos a 4 niños. Los indígenas buscaron por todos los mediosSeguir leyendo
