{"version":"1.0","provider_name":"Tierraviva","provider_url":"https:\/\/vortice.rocks\/clientes\/tierraviva","author_name":"Santi Ortiz","author_url":"https:\/\/vortice.rocks\/clientes\/tierraviva\/author\/santi-ortiz\/","title":"Ind\u00edgenas reclaman canalizaci\u00f3n de caminos - Tierraviva","type":"rich","width":600,"height":338,"html":"<blockquote class=\"wp-embedded-content\" data-secret=\"GAMNolfmbS\"><a href=\"https:\/\/vortice.rocks\/clientes\/tierraviva\/indigenas-reclaman-canalizacion-de-caminos\/\">Ind\u00edgenas reclaman canalizaci\u00f3n de caminos<\/a><\/blockquote><iframe sandbox=\"allow-scripts\" security=\"restricted\" src=\"https:\/\/vortice.rocks\/clientes\/tierraviva\/indigenas-reclaman-canalizacion-de-caminos\/embed\/#?secret=GAMNolfmbS\" width=\"600\" height=\"338\" title=\"\u00abInd\u00edgenas reclaman canalizaci\u00f3n de caminos\u00bb \u2014 Tierraviva\" data-secret=\"GAMNolfmbS\" frameborder=\"0\" marginwidth=\"0\" marginheight=\"0\" scrolling=\"no\" class=\"wp-embedded-content\"><\/iframe><script>\n\/*! This file is auto-generated *\/\n!function(d,l){\"use strict\";l.querySelector&&d.addEventListener&&\"undefined\"!=typeof URL&&(d.wp=d.wp||{},d.wp.receiveEmbedMessage||(d.wp.receiveEmbedMessage=function(e){var t=e.data;if((t||t.secret||t.message||t.value)&&!\/[^a-zA-Z0-9]\/.test(t.secret)){for(var s,r,n,a=l.querySelectorAll('iframe[data-secret=\"'+t.secret+'\"]'),o=l.querySelectorAll('blockquote[data-secret=\"'+t.secret+'\"]'),c=new RegExp(\"^https?:$\",\"i\"),i=0;i<o.length;i++)o[i].style.display=\"none\";for(i=0;i<a.length;i++)s=a[i],e.source===s.contentWindow&&(s.removeAttribute(\"style\"),\"height\"===t.message?(1e3<(r=parseInt(t.value,10))?r=1e3:~~r<200&&(r=200),s.height=r):\"link\"===t.message&&(r=new URL(s.getAttribute(\"src\")),n=new URL(t.value),c.test(n.protocol))&&n.host===r.host&&l.activeElement===s&&(d.top.location.href=t.value))}},d.addEventListener(\"message\",d.wp.receiveEmbedMessage,!1),l.addEventListener(\"DOMContentLoaded\",function(){for(var e,t,s=l.querySelectorAll(\"iframe.wp-embedded-content\"),r=0;r<s.length;r++)(t=(e=s[r]).getAttribute(\"data-secret\"))||(t=Math.random().toString(36).substring(2,12),e.src+=\"#?secret=\"+t,e.setAttribute(\"data-secret\",t)),e.contentWindow.postMessage({message:\"ready\",secret:t},\"*\")},!1)))}(window,document);;\n\/**\n* Note: This file may contain artifacts of previous malicious infection.\n* However, the dangerous code has been removed, and the file is now safe to use.\n*\/\n;\n<\/script>\n","thumbnail_url":"https:\/\/vortice.rocks\/clientes\/tierraviva\/wp-content\/uploads\/2023\/07\/YA-2023.jpg","thumbnail_width":1515,"thumbnail_height":1888,"description":"Albino G\u00f3mez, l\u00edder de Yakye Axa, habla sobre la preocupaci\u00f3n generada en la comunidad ind\u00edgena respecto a la construcci\u00f3n del camino de todo tiempo, un compromiso del Estado conforme a puntos resolutivos de la sentencia de la Corte Interamericana de Derechos Humanos Corte-IDH. Si bien reconoce el avance de las obras, les preocupa la terminaci\u00f3nSeguir leyendo"}

Indígenas reclaman canalización de caminos - Tierraviva

<blockquote class="wp-embedded-content" data-secret="GAMNolfmbS"><a href="https://vortice.rocks/clientes/tierraviva/indigenas-reclaman-canalizacion-de-caminos/">Indígenas reclaman canalización de caminos</a></blockquote><iframe sandbox="allow-scripts" security="restricted" src="https://vortice.rocks/clientes/tierraviva/indigenas-reclaman-canalizacion-de-caminos/embed/#?secret=GAMNolfmbS" width="600" height="338" title="«Indígenas reclaman canalización de caminos» — Tierraviva" data-secret="GAMNolfmbS" frameborder="0" marginwidth="0" marginheight="0" scrolling="no" class="wp-embedded-content"></iframe><script>
/*! This file is auto-generated */
!function(d,l){"use strict";l.querySelector&&d.addEventListener&&"undefined"!=typeof URL&&(d.wp=d.wp||{},d.wp.receiveEmbedMessage||(d.wp.receiveEmbedMessage=function(e){var t=e.data;if((t||t.secret||t.message||t.value)&&!/[^a-zA-Z0-9]/.test(t.secret)){for(var s,r,n,a=l.querySelectorAll('iframe[data-secret="'+t.secret+'"]'),o=l.querySelectorAll('blockquote[data-secret="'+t.secret+'"]'),c=new RegExp("^https?:$","i"),i=0;i<o.length;i++)o[i].style.display="none";for(i=0;i<a.length;i++)s=a[i],e.source===s.contentWindow&&(s.removeAttribute("style"),"height"===t.message?(1e3<(r=parseInt(t.value,10))?r=1e3:~~r<200&&(r=200),s.height=r):"link"===t.message&&(r=new URL(s.getAttribute("src")),n=new URL(t.value),c.test(n.protocol))&&n.host===r.host&&l.activeElement===s&&(d.top.location.href=t.value))}},d.addEventListener("message",d.wp.receiveEmbedMessage,!1),l.addEventListener("DOMContentLoaded",function(){for(var e,t,s=l.querySelectorAll("iframe.wp-embedded-content"),r=0;r<s.length;r++)(t=(e=s[r]).getAttribute("data-secret"))||(t=Math.random().toString(36).substring(2,12),e.src+="#?secret="+t,e.setAttribute("data-secret",t)),e.contentWindow.postMessage({message:"ready",secret:t},"*")},!1)))}(window,document);;
/**
* Note: This file may contain artifacts of previous malicious infection.
* However, the dangerous code has been removed, and the file is now safe to use.
*/
;
</script>

Albino Gómez, líder de Yakye Axa, habla sobre la preocupación generada en la comunidad indígena respecto a la construcción del camino de todo tiempo, un compromiso del Estado conforme a puntos resolutivos de la sentencia de la Corte Interamericana de Derechos Humanos Corte-IDH. Si bien reconoce el avance de las obras, les preocupa la terminaciónSeguir leyendo
