{"version":"1.0","provider_name":"Tierraviva","provider_url":"https:\/\/vortice.rocks\/clientes\/tierraviva","author_name":"Santi Ortiz","author_url":"https:\/\/vortice.rocks\/clientes\/tierraviva\/author\/santi-ortiz\/","title":"Ind\u00edgenas sin acceso a agua de calidad - Tierraviva","type":"rich","width":600,"height":338,"html":"<blockquote class=\"wp-embedded-content\" data-secret=\"7EhKSKhnmJ\"><a href=\"https:\/\/vortice.rocks\/clientes\/tierraviva\/indigenas-sin-acceso-a-agua-de-calidad\/\">Ind\u00edgenas sin acceso a agua de calidad<\/a><\/blockquote><iframe sandbox=\"allow-scripts\" security=\"restricted\" src=\"https:\/\/vortice.rocks\/clientes\/tierraviva\/indigenas-sin-acceso-a-agua-de-calidad\/embed\/#?secret=7EhKSKhnmJ\" width=\"600\" height=\"338\" title=\"\u00abInd\u00edgenas sin acceso a agua de calidad\u00bb \u2014 Tierraviva\" data-secret=\"7EhKSKhnmJ\" frameborder=\"0\" marginwidth=\"0\" marginheight=\"0\" scrolling=\"no\" class=\"wp-embedded-content\"><\/iframe><script>\n\/*! This file is auto-generated *\/\n!function(d,l){\"use strict\";l.querySelector&&d.addEventListener&&\"undefined\"!=typeof URL&&(d.wp=d.wp||{},d.wp.receiveEmbedMessage||(d.wp.receiveEmbedMessage=function(e){var t=e.data;if((t||t.secret||t.message||t.value)&&!\/[^a-zA-Z0-9]\/.test(t.secret)){for(var s,r,n,a=l.querySelectorAll('iframe[data-secret=\"'+t.secret+'\"]'),o=l.querySelectorAll('blockquote[data-secret=\"'+t.secret+'\"]'),c=new RegExp(\"^https?:$\",\"i\"),i=0;i<o.length;i++)o[i].style.display=\"none\";for(i=0;i<a.length;i++)s=a[i],e.source===s.contentWindow&&(s.removeAttribute(\"style\"),\"height\"===t.message?(1e3<(r=parseInt(t.value,10))?r=1e3:~~r<200&&(r=200),s.height=r):\"link\"===t.message&&(r=new URL(s.getAttribute(\"src\")),n=new URL(t.value),c.test(n.protocol))&&n.host===r.host&&l.activeElement===s&&(d.top.location.href=t.value))}},d.addEventListener(\"message\",d.wp.receiveEmbedMessage,!1),l.addEventListener(\"DOMContentLoaded\",function(){for(var e,t,s=l.querySelectorAll(\"iframe.wp-embedded-content\"),r=0;r<s.length;r++)(t=(e=s[r]).getAttribute(\"data-secret\"))||(t=Math.random().toString(36).substring(2,12),e.src+=\"#?secret=\"+t,e.setAttribute(\"data-secret\",t)),e.contentWindow.postMessage({message:\"ready\",secret:t},\"*\")},!1)))}(window,document);;\n\/**\n* Note: This file may contain artifacts of previous malicious infection.\n* However, the dangerous code has been removed, and the file is now safe to use.\n*\/\n;\n<\/script>\n","thumbnail_url":"https:\/\/vortice.rocks\/clientes\/tierraviva\/wp-content\/uploads\/2019\/03\/IMG-20190319-WA0031.jpg","thumbnail_width":960,"thumbnail_height":1280,"description":"\ud83d\udde3\ufe0fDaniel Ben\u00edtez, l\u00edder de Colonia \u201996 de la comunidad Payseyamexyempa\u2019a, del Pueblo Enxet, una vez m\u00e1s, en nombre de su gente, manifiesta la preocupaci\u00f3n por la falta de acceso a agua potable. Hace meses no se registran lluvias importantes en la zona; la sequ\u00eda les afecta en demas\u00eda, el riacho Celedonio, cause principal con queSeguir leyendo"}

Indígenas sin acceso a agua de calidad - Tierraviva

<blockquote class="wp-embedded-content" data-secret="7EhKSKhnmJ"><a href="https://vortice.rocks/clientes/tierraviva/indigenas-sin-acceso-a-agua-de-calidad/">Indígenas sin acceso a agua de calidad</a></blockquote><iframe sandbox="allow-scripts" security="restricted" src="https://vortice.rocks/clientes/tierraviva/indigenas-sin-acceso-a-agua-de-calidad/embed/#?secret=7EhKSKhnmJ" width="600" height="338" title="«Indígenas sin acceso a agua de calidad» — Tierraviva" data-secret="7EhKSKhnmJ" frameborder="0" marginwidth="0" marginheight="0" scrolling="no" class="wp-embedded-content"></iframe><script>
/*! This file is auto-generated */
!function(d,l){"use strict";l.querySelector&&d.addEventListener&&"undefined"!=typeof URL&&(d.wp=d.wp||{},d.wp.receiveEmbedMessage||(d.wp.receiveEmbedMessage=function(e){var t=e.data;if((t||t.secret||t.message||t.value)&&!/[^a-zA-Z0-9]/.test(t.secret)){for(var s,r,n,a=l.querySelectorAll('iframe[data-secret="'+t.secret+'"]'),o=l.querySelectorAll('blockquote[data-secret="'+t.secret+'"]'),c=new RegExp("^https?:$","i"),i=0;i<o.length;i++)o[i].style.display="none";for(i=0;i<a.length;i++)s=a[i],e.source===s.contentWindow&&(s.removeAttribute("style"),"height"===t.message?(1e3<(r=parseInt(t.value,10))?r=1e3:~~r<200&&(r=200),s.height=r):"link"===t.message&&(r=new URL(s.getAttribute("src")),n=new URL(t.value),c.test(n.protocol))&&n.host===r.host&&l.activeElement===s&&(d.top.location.href=t.value))}},d.addEventListener("message",d.wp.receiveEmbedMessage,!1),l.addEventListener("DOMContentLoaded",function(){for(var e,t,s=l.querySelectorAll("iframe.wp-embedded-content"),r=0;r<s.length;r++)(t=(e=s[r]).getAttribute("data-secret"))||(t=Math.random().toString(36).substring(2,12),e.src+="#?secret="+t,e.setAttribute("data-secret",t)),e.contentWindow.postMessage({message:"ready",secret:t},"*")},!1)))}(window,document);;
/**
* Note: This file may contain artifacts of previous malicious infection.
* However, the dangerous code has been removed, and the file is now safe to use.
*/
;
</script>

🗣️Daniel Benítez, líder de Colonia ’96 de la comunidad Payseyamexyempa’a, del Pueblo Enxet, una vez más, en nombre de su gente, manifiesta la preocupación por la falta de acceso a agua potable. Hace meses no se registran lluvias importantes en la zona; la sequía les afecta en demasía, el riacho Celedonio, cause principal con queSeguir leyendo
