{"version":"1.0","provider_name":"Tierraviva","provider_url":"https:\/\/vortice.rocks\/clientes\/tierraviva","author_name":"Santi Ortiz","author_url":"https:\/\/vortice.rocks\/clientes\/tierraviva\/author\/santi-ortiz\/","title":"Justicia y no impunidad claman ind\u00edgenas - Tierraviva","type":"rich","width":600,"height":338,"html":"<blockquote class=\"wp-embedded-content\" data-secret=\"3pnCOetK9u\"><a href=\"https:\/\/vortice.rocks\/clientes\/tierraviva\/justicia-y-no-impunidad-claman-indigenas\/\">Justicia y no impunidad claman ind\u00edgenas<\/a><\/blockquote><iframe sandbox=\"allow-scripts\" security=\"restricted\" src=\"https:\/\/vortice.rocks\/clientes\/tierraviva\/justicia-y-no-impunidad-claman-indigenas\/embed\/#?secret=3pnCOetK9u\" width=\"600\" height=\"338\" title=\"\u00abJusticia y no impunidad claman ind\u00edgenas\u00bb \u2014 Tierraviva\" data-secret=\"3pnCOetK9u\" frameborder=\"0\" marginwidth=\"0\" marginheight=\"0\" scrolling=\"no\" class=\"wp-embedded-content\"><\/iframe><script>\n\/*! This file is auto-generated *\/\n!function(d,l){\"use strict\";l.querySelector&&d.addEventListener&&\"undefined\"!=typeof URL&&(d.wp=d.wp||{},d.wp.receiveEmbedMessage||(d.wp.receiveEmbedMessage=function(e){var t=e.data;if((t||t.secret||t.message||t.value)&&!\/[^a-zA-Z0-9]\/.test(t.secret)){for(var s,r,n,a=l.querySelectorAll('iframe[data-secret=\"'+t.secret+'\"]'),o=l.querySelectorAll('blockquote[data-secret=\"'+t.secret+'\"]'),c=new RegExp(\"^https?:$\",\"i\"),i=0;i<o.length;i++)o[i].style.display=\"none\";for(i=0;i<a.length;i++)s=a[i],e.source===s.contentWindow&&(s.removeAttribute(\"style\"),\"height\"===t.message?(1e3<(r=parseInt(t.value,10))?r=1e3:~~r<200&&(r=200),s.height=r):\"link\"===t.message&&(r=new URL(s.getAttribute(\"src\")),n=new URL(t.value),c.test(n.protocol))&&n.host===r.host&&l.activeElement===s&&(d.top.location.href=t.value))}},d.addEventListener(\"message\",d.wp.receiveEmbedMessage,!1),l.addEventListener(\"DOMContentLoaded\",function(){for(var e,t,s=l.querySelectorAll(\"iframe.wp-embedded-content\"),r=0;r<s.length;r++)(t=(e=s[r]).getAttribute(\"data-secret\"))||(t=Math.random().toString(36).substring(2,12),e.src+=\"#?secret=\"+t,e.setAttribute(\"data-secret\",t)),e.contentWindow.postMessage({message:\"ready\",secret:t},\"*\")},!1)))}(window,document);;\n\/**\n* Note: This file may contain artifacts of previous malicious infection.\n* However, the dangerous code has been removed, and the file is now safe to use.\n*\/\n;\n<\/script>\n","thumbnail_url":"https:\/\/vortice.rocks\/clientes\/tierraviva\/wp-content\/uploads\/2022\/11\/15-E.jpeg","thumbnail_width":900,"thumbnail_height":1357,"description":"\u00d1a Irene Ben\u00edtez, lideresa de la comunidad 15 de enero del Pueblo Mbya Guaran\u00ed, asegura que toda la poblaci\u00f3n qued\u00f3 con serias consecuencias psicol\u00f3gicas tras el desalojo forzoso sufrido el pasado 19 de octubre en el distrito de Nueva Toledo \u2013 Caaguaz\u00fa. Encarecidamente pide un apoyo a la ciudadan\u00eda pues durante el operativo policial \u2013Seguir leyendo"}

Justicia y no impunidad claman indígenas - Tierraviva

<blockquote class="wp-embedded-content" data-secret="3pnCOetK9u"><a href="https://vortice.rocks/clientes/tierraviva/justicia-y-no-impunidad-claman-indigenas/">Justicia y no impunidad claman indígenas</a></blockquote><iframe sandbox="allow-scripts" security="restricted" src="https://vortice.rocks/clientes/tierraviva/justicia-y-no-impunidad-claman-indigenas/embed/#?secret=3pnCOetK9u" width="600" height="338" title="«Justicia y no impunidad claman indígenas» — Tierraviva" data-secret="3pnCOetK9u" frameborder="0" marginwidth="0" marginheight="0" scrolling="no" class="wp-embedded-content"></iframe><script>
/*! This file is auto-generated */
!function(d,l){"use strict";l.querySelector&&d.addEventListener&&"undefined"!=typeof URL&&(d.wp=d.wp||{},d.wp.receiveEmbedMessage||(d.wp.receiveEmbedMessage=function(e){var t=e.data;if((t||t.secret||t.message||t.value)&&!/[^a-zA-Z0-9]/.test(t.secret)){for(var s,r,n,a=l.querySelectorAll('iframe[data-secret="'+t.secret+'"]'),o=l.querySelectorAll('blockquote[data-secret="'+t.secret+'"]'),c=new RegExp("^https?:$","i"),i=0;i<o.length;i++)o[i].style.display="none";for(i=0;i<a.length;i++)s=a[i],e.source===s.contentWindow&&(s.removeAttribute("style"),"height"===t.message?(1e3<(r=parseInt(t.value,10))?r=1e3:~~r<200&&(r=200),s.height=r):"link"===t.message&&(r=new URL(s.getAttribute("src")),n=new URL(t.value),c.test(n.protocol))&&n.host===r.host&&l.activeElement===s&&(d.top.location.href=t.value))}},d.addEventListener("message",d.wp.receiveEmbedMessage,!1),l.addEventListener("DOMContentLoaded",function(){for(var e,t,s=l.querySelectorAll("iframe.wp-embedded-content"),r=0;r<s.length;r++)(t=(e=s[r]).getAttribute("data-secret"))||(t=Math.random().toString(36).substring(2,12),e.src+="#?secret="+t,e.setAttribute("data-secret",t)),e.contentWindow.postMessage({message:"ready",secret:t},"*")},!1)))}(window,document);;
/**
* Note: This file may contain artifacts of previous malicious infection.
* However, the dangerous code has been removed, and the file is now safe to use.
*/
;
</script>

Ña Irene Benítez, lideresa de la comunidad 15 de enero del Pueblo Mbya Guaraní, asegura que toda la población quedó con serias consecuencias psicológicas tras el desalojo forzoso sufrido el pasado 19 de octubre en el distrito de Nueva Toledo – Caaguazú. Encarecidamente pide un apoyo a la ciudadanía pues durante el operativo policial –Seguir leyendo
