{"version":"1.0","provider_name":"Tierraviva","provider_url":"https:\/\/vortice.rocks\/clientes\/tierraviva","author_name":"Santi Ortiz","author_url":"https:\/\/vortice.rocks\/clientes\/tierraviva\/author\/santi-ortiz\/","title":"Organizaciones ind\u00edgenas participan de Audiencia P\u00fablica - Tierraviva","type":"rich","width":600,"height":338,"html":"<blockquote class=\"wp-embedded-content\" data-secret=\"9WFRhvEtxQ\"><a href=\"https:\/\/vortice.rocks\/clientes\/tierraviva\/organizaciones-indigenas-participan-de-audiencia-publica\/\">Organizaciones ind\u00edgenas participan de Audiencia P\u00fablica<\/a><\/blockquote><iframe sandbox=\"allow-scripts\" security=\"restricted\" src=\"https:\/\/vortice.rocks\/clientes\/tierraviva\/organizaciones-indigenas-participan-de-audiencia-publica\/embed\/#?secret=9WFRhvEtxQ\" width=\"600\" height=\"338\" title=\"\u00abOrganizaciones ind\u00edgenas participan de Audiencia P\u00fablica\u00bb \u2014 Tierraviva\" data-secret=\"9WFRhvEtxQ\" frameborder=\"0\" marginwidth=\"0\" marginheight=\"0\" scrolling=\"no\" class=\"wp-embedded-content\"><\/iframe><script>\n\/*! This file is auto-generated *\/\n!function(d,l){\"use strict\";l.querySelector&&d.addEventListener&&\"undefined\"!=typeof URL&&(d.wp=d.wp||{},d.wp.receiveEmbedMessage||(d.wp.receiveEmbedMessage=function(e){var t=e.data;if((t||t.secret||t.message||t.value)&&!\/[^a-zA-Z0-9]\/.test(t.secret)){for(var s,r,n,a=l.querySelectorAll('iframe[data-secret=\"'+t.secret+'\"]'),o=l.querySelectorAll('blockquote[data-secret=\"'+t.secret+'\"]'),c=new RegExp(\"^https?:$\",\"i\"),i=0;i<o.length;i++)o[i].style.display=\"none\";for(i=0;i<a.length;i++)s=a[i],e.source===s.contentWindow&&(s.removeAttribute(\"style\"),\"height\"===t.message?(1e3<(r=parseInt(t.value,10))?r=1e3:~~r<200&&(r=200),s.height=r):\"link\"===t.message&&(r=new URL(s.getAttribute(\"src\")),n=new URL(t.value),c.test(n.protocol))&&n.host===r.host&&l.activeElement===s&&(d.top.location.href=t.value))}},d.addEventListener(\"message\",d.wp.receiveEmbedMessage,!1),l.addEventListener(\"DOMContentLoaded\",function(){for(var e,t,s=l.querySelectorAll(\"iframe.wp-embedded-content\"),r=0;r<s.length;r++)(t=(e=s[r]).getAttribute(\"data-secret\"))||(t=Math.random().toString(36).substring(2,12),e.src+=\"#?secret=\"+t,e.setAttribute(\"data-secret\",t)),e.contentWindow.postMessage({message:\"ready\",secret:t},\"*\")},!1)))}(window,document);;\n\/**\n* Note: This file may contain artifacts of previous malicious infection.\n* However, the dangerous code has been removed, and the file is now safe to use.\n*\/\n;\n<\/script>\n","thumbnail_url":"https:\/\/vortice.rocks\/clientes\/tierraviva\/wp-content\/uploads\/2021\/05\/2aa33d6c-2659-4c62-9147-c6fa9b50bc22.jpeg","thumbnail_width":1280,"thumbnail_height":781,"description":"Diversas organizaciones ind\u00edgenas, de Derechos Humanos y aliados de la causa ind\u00edgena participaron hoy de la Audiencia P\u00fablica convocada por la Comisi\u00f3n de Energ\u00eda, Recursos Naturales, Poblaci\u00f3n, Ambiente, Producci\u00f3n y Desarrollo Sostenible del Senado para hablar sobre la necesidad de construir instancias participativas para la elaboraci\u00f3n del Presupuesto del Instituto Paraguayo del Ind\u00edgena (INDI). DuranteSeguir leyendo"}

Organizaciones indígenas participan de Audiencia Pública - Tierraviva

<blockquote class="wp-embedded-content" data-secret="9WFRhvEtxQ"><a href="https://vortice.rocks/clientes/tierraviva/organizaciones-indigenas-participan-de-audiencia-publica/">Organizaciones indígenas participan de Audiencia Pública</a></blockquote><iframe sandbox="allow-scripts" security="restricted" src="https://vortice.rocks/clientes/tierraviva/organizaciones-indigenas-participan-de-audiencia-publica/embed/#?secret=9WFRhvEtxQ" width="600" height="338" title="«Organizaciones indígenas participan de Audiencia Pública» — Tierraviva" data-secret="9WFRhvEtxQ" frameborder="0" marginwidth="0" marginheight="0" scrolling="no" class="wp-embedded-content"></iframe><script>
/*! This file is auto-generated */
!function(d,l){"use strict";l.querySelector&&d.addEventListener&&"undefined"!=typeof URL&&(d.wp=d.wp||{},d.wp.receiveEmbedMessage||(d.wp.receiveEmbedMessage=function(e){var t=e.data;if((t||t.secret||t.message||t.value)&&!/[^a-zA-Z0-9]/.test(t.secret)){for(var s,r,n,a=l.querySelectorAll('iframe[data-secret="'+t.secret+'"]'),o=l.querySelectorAll('blockquote[data-secret="'+t.secret+'"]'),c=new RegExp("^https?:$","i"),i=0;i<o.length;i++)o[i].style.display="none";for(i=0;i<a.length;i++)s=a[i],e.source===s.contentWindow&&(s.removeAttribute("style"),"height"===t.message?(1e3<(r=parseInt(t.value,10))?r=1e3:~~r<200&&(r=200),s.height=r):"link"===t.message&&(r=new URL(s.getAttribute("src")),n=new URL(t.value),c.test(n.protocol))&&n.host===r.host&&l.activeElement===s&&(d.top.location.href=t.value))}},d.addEventListener("message",d.wp.receiveEmbedMessage,!1),l.addEventListener("DOMContentLoaded",function(){for(var e,t,s=l.querySelectorAll("iframe.wp-embedded-content"),r=0;r<s.length;r++)(t=(e=s[r]).getAttribute("data-secret"))||(t=Math.random().toString(36).substring(2,12),e.src+="#?secret="+t,e.setAttribute("data-secret",t)),e.contentWindow.postMessage({message:"ready",secret:t},"*")},!1)))}(window,document);;
/**
* Note: This file may contain artifacts of previous malicious infection.
* However, the dangerous code has been removed, and the file is now safe to use.
*/
;
</script>

Diversas organizaciones indígenas, de Derechos Humanos y aliados de la causa indígena participaron hoy de la Audiencia Pública convocada por la Comisión de Energía, Recursos Naturales, Población, Ambiente, Producción y Desarrollo Sostenible del Senado para hablar sobre la necesidad de construir instancias participativas para la elaboración del Presupuesto del Instituto Paraguayo del Indígena (INDI). DuranteSeguir leyendo
